944796?
4
What is the millions digit of 246400723?
6
What is the hundred thousands digit of 269359242?
3
What is the hundred thousands digit of 55781745?
7
What is the millions digit of 1336595271?
6
What is the units digit of 82893900?
0
What is the ten thousands digit of 93468408?
6
What is the hundreds digit of 1081659511?
5
What is the ten millions digit of 2021293532?
2
What is the hundred thousands digit of 277663732?
6
What is the hundred millions digit of 522336269?
5
What is the units digit of 48182856?
6
What is the units digit of 57210173?
3
What is the millions digit of 827230944?
7
What is the billions digit of 1919929007?
1
What is the hundred millions digit of 1333774957?
3
What is the hundred millions digit of 107292675?
1
What is the units digit of 172976455?
5
What is the ten millions digit of 6334779951?
3
What is the millions digit of 244207673?
4
What is the hundred thousands digit of 397039869?
0
What is the hundred thousands digit of 181378454?
3
What is the hundreds digit of 196584822?
8
What is the millions digit of 62802230?
2
What is the ten millions digit of 1180016100?
8
What is the hundreds digit of 13674651?
6
What is the ten millions digit of 1787716124?
8
What is the units digit of 1256837657?
7
What is the hundred millions digit of 1609118605?
6
What is the hundred thousands digit of 133365374?
3
What is the hundred thousands digit of 1351754708?
7
What is the thousands digit of 27170413?
0
What is the millions digit of 3870256022?
0
What is the thousands digit of 992481949?
1
What is the tens digit of 863627146?
4
What is the millions digit of 191697585?
1
What is the hundred millions digit of 1222044180?
2
What is the units digit of 66108619?
9
What is the hundred thousands digit of 1742035130?
0
What is the tens digit of 65247648?
4
What is the millions digit of 2848407815?
8
What is the ten thousands digit of 641318?
4
What is the hundred thousands digit of 2608677068?
6
What is the millions digit of 261699665?
1
What is the hundreds digit of 3648557024?
0
What is the thousands digit of 136437052?
7
What is the hundred thousands digit of 36709288?
7
What is the units digit of 167597542?
2
What is the ten thousands digit of 160675467?
7
What is the hundred millions digit of 175916337?
1
What is the ten thousands digit of 2654228020?
2
What is the ten millions digit of 32952292?
3
What is the ten millions digit of 67681889?
6
What is the hundred millions digit of 124921999?
1
What is the hundred thousands digit of 1414492454?
4
What is the hundreds digit of 1237461801?
8
What is the hundred millions digit of 166409008?
1
What is the units digit of 1846533784?
4
What is the hundreds digit of 22086215?
2
What is the billions digit of 1368124918?
1
What is the hundreds digit of 21758643?
6
What is the millions digit of 80360942?
0
What is the hundred millions digit of 482588096?
4
What is the ten thousands digit of 69690768?
9
What is the hundred thousands digit of 153744421?
7
What is the ten thousands digit of 44303684?
0
What is the hundreds digit of 63082642?
6
What is the millions digit of 17084868?
7
What is the millions digit of 1279935416?
9
What is the ten thousands digit of 4983468?
8
What is the hundred thousands digit of 86038877?
0
What is the thousands digit of 117945363?
5
What is the hundreds digit of 15954709?
7
What is the billions digit of 1754417239?
1
What is the thousands digit of 1047078360?
8
What is the units digit of 411946503?
3
What is the tens digit of 857448677?
7
What is the hundred millions digit of 111125954?
1
What is the thousands digit of 345137719?
7
What is the ten millions digit of 967562077?
6
What is the units digit of 674069640?
0
What is the millions digit of 6012685639?
2
What is the ten millions digit of 773986079?
7
What is the units digit of 418186440?
0
What is the ten thousands digit of 54602273?
0
What is the ten thousands digit of 1452524?
5
What is the ten thousands digit of 28120373?
2
What is the thousands digit of 6061286?
1
What is the ten millions digit of 3350288396?
5
What is the hundreds digit of 800978330?
3
What is the ten millions digit of 39760909?
3
What is the ten millions digit of 75483758?
7
What is the tens digit of 119694275?
7
What is the millions digit of 1941575144?
1
What is the thousands digit of 13396973?
6
What is the ten thousands digit of 1778484915?
8
What is the tens digit of 43328131?
3
What is the millions digit of 61425743?
1
What is the ten millions digit of 696560603?
9
What is the hundreds digit of 1649254392?
3
What is the thousands digit of 38337812?
7
What is the millions digit of 96404885?
6
What is the ten thousands digit of 196667018?
6
What is the hundreds digit of 241946758?
7
What is the tens digit of 76300470?
7
What is the hundred millions digit of 443048144?
4
What is the ten thousands digit of 119647257?
4
What is the millions digit of 1362033386?
2
What is the ten thousands digit of 669420157?
2
What is the millions digit of 3865154?
3
What is the hundreds digit of 13790980?
9
What is the hundreds digit of 2762551776?
7
What is the hundred millions digit of 239814897?
2
What is the thousands digit of 410891107?
1
What is the hundreds digit of 1008056357?
3
What is the millions digit of 1661101219?
1
What is the thousands digit of 439849892?
9
What is the hundred thousands digit of 37120454?
1
What is the hundreds digit of 63287363?
3
What is the tens digit of 3471293763?
6
What is the ten thousands digit of 407958230?
5
What is the ten millions digit of 26751815?
2
What is the tens digit of 44725292?
9
What is the tens digit of 50979566?
6
What is the thousands digit of 297806039?
6
What is the hundred thousands digit of 56829666?
8
What is the thousands digit of 2829632?
9
What is the ten millions digit of 126456005?
2
What is the ten thousands digit of 900611489?
1
What is the tens digit of 47451019?
1
What is the hundred thousands digit of 5553694036?
6
What is the millions digit of 2006491713?
6
What is the ten thousands digit of 5252181430?
8
What is the ten millions digit of 115598669?
1
What is the tens digit of 473398830?
3
What is the hundreds digit of 1354007638?
6
What is the ten millions digit of 75369349?
7
What is the ten millions digit of 111875845?
1
What is the tens digit of 79122216?
1
What is the thousands digit of 2503189610?
9
What is the hundreds digit of 14673827?
8
What is the thousands digit of 502827373?
7
What is the tens digit of 1511288845?
4
What is the ten thousands digit of 70403972?
0
What is the hundred thousands digit of 87261505?
2
What is the ten thousands digit of 456689376?
8
What is the ten millions digit of 3964259159?
6
What is the hundred thousands digit of 56232783?
2
What is the ten millions digit of 255174259?
5
What is the units digit of 47510371?
1
What is the ten thousands digit of 36784507?
8
What is the ten thousands digit of 18244252?
4
What is the ten thousands digit of 478436479?
3
What is the hundred thousands digit of 1180141849?
1
What is the hundreds digit of 3372030591?
5
What is the thousands digit of 299872048?
2
What is the thousands digit of 790988746?
8
What is the thousands digit of 101951342?
1
What is the millions digit of 537096574?
7
What is the millions digit of 627887473?
7
What is the units digit of 867771790?
0
What is the ten thousands digit of 839018232?
1
What is the ten thousands digit of 42614057?
1
What is the thousands digit of 46894833?
4
What is the ten thousands digit of 6577494691?
9
What is the units digit of 1056851546?
6
What is the ten millions digit of 42057927?
4
What is the hundreds digit of 484306776?
7
What is the units digit of 906109403?
3
What is the thousands digit of 9216278?
6
What is the hundred thousands digit of 489151409?
1
What is the ten thousands digit of 79819533?
1
What is the thousands digit of 415874957?
4
What is the millions digit of 14468644?
4
What is the hundreds digit of 7350377496?
4
What is the units digit of 4515576123?
3
What is the units digit of 465574067?
7
What is the ten millions digit of 90183175?
9
What is the hundreds digit of 1042905473?
4
What is the units digit of 2230603599?
9
What is the tens digit of 49780153?
5
What is the tens digit of 83923320?
2
What is the hundred millio